{"id":13,"date":"2025-09-30T15:38:48","date_gmt":"2025-09-30T13:38:48","guid":{"rendered":"https:\/\/aledomaledom.pl\/?page_id=13"},"modified":"2025-10-07T13:55:34","modified_gmt":"2025-10-07T11:55:34","slug":"strona-glowna","status":"publish","type":"page","link":"https:\/\/aledomaledom.pl\/","title":{"rendered":"Strona G\u0142owna"},"content":{"rendered":"\t\t<div data-elementor-type=\"wp-page\" data-elementor-id=\"13\" class=\"elementor elementor-13\">\n\t\t\t\t<div class=\"elementor-element elementor-element-e4b3ea6 e-flex e-con-boxed e-con e-parent\" data-id=\"e4b3ea6\" data-element_type=\"container\" data-settings=\"{&quot;background_background&quot;:&quot;classic&quot;}\">\n\t\t\t\t\t<div class=\"e-con-inner\">\n\t\t\t\t<div class=\"elementor-element elementor-element-6c9bd8b elementor-widget-mobile__width-initial elementor-widget elementor-widget-heading\" data-id=\"6c9bd8b\" data-element_type=\"widget\" data-widget_type=\"heading.default\">\n\t\t\t\t\t<div class=\"elementor-heading-title elementor-size-default\">aledomaledom<\/div>\t\t\t\t<\/div>\n\t\t\t\t<div class=\"elementor-element elementor-element-5dfa3a3 elementor-widget elementor-widget-heading\" data-id=\"5dfa3a3\" data-element_type=\"widget\" data-widget_type=\"heading.default\">\n\t\t\t\t\t<h1 class=\"elementor-heading-title elementor-size-default\">BUDUJEMY <BR><span style=\"background: linear-gradient(transparent 70%, #FF8800 60%);background-repeat:no-repeat;background-size:100% 100%\">NIERUCHOMO\u015aCI <\/span> \n<BR>\nMARZE\u0143<\/h1>\t\t\t\t<\/div>\n\t\t\t\t<div class=\"elementor-element elementor-element-02893b2 elementor-widget elementor-widget-button\" data-id=\"02893b2\" data-element_type=\"widget\" data-widget_type=\"button.default\">\n\t\t\t\t\t\t\t\t\t\t<a class=\"elementor-button elementor-button-link elementor-size-sm\" href=\"https:\/\/aledomaledom.pl\/?page_id=203\">\n\t\t\t\t\t\t<span class=\"elementor-button-content-wrapper\">\n\t\t\t\t\t\t\t\t\t<span class=\"elementor-button-text\">Nasze inwestycje<\/span>\n\t\t\t\t\t<\/span>\n\t\t\t\t\t<\/a>\n\t\t\t\t\t\t\t\t<\/div>\n\t\t\t\t\t<\/div>\n\t\t\t\t<\/div>\n\t\t<div class=\"elementor-element elementor-element-61d9ecf e-flex e-con-boxed e-con e-parent\" data-id=\"61d9ecf\" data-element_type=\"container\">\n\t\t\t\t\t<div class=\"e-con-inner\">\n\t\t\t\t<div class=\"elementor-element elementor-element-5904426 elementor-widget elementor-widget-text-editor\" data-id=\"5904426\" data-element_type=\"widget\" data-widget_type=\"text-editor.default\">\n\t\t\t\t\t\t\t\t\t<p>Tworzymy spokojne osiedla dom\u00f3w dla rodzin, gdzie ka\u017cdy szczeg\u00f3\u0142 ma znaczenie. Wykorzystujemy wy\u0142\u0105cznie materia\u0142y najwy\u017cszej jako\u015bci i realizujemy ka\u017cd\u0105 inwestycj\u0119 zgodnie ze sztuk\u0105 budowlan\u0105, bo Tw\u00f3j dom to decyzja na lata.<\/p>\t\t\t\t\t\t\t\t<\/div>\n\t\t\t\t<div class=\"elementor-element elementor-element-3b192ba elementor-align-center elementor-widget elementor-widget-button\" data-id=\"3b192ba\" data-element_type=\"widget\" data-widget_type=\"button.default\">\n\t\t\t\t\t\t\t\t\t\t<a class=\"elementor-button elementor-button-link elementor-size-sm\" href=\"https:\/\/aledomaledom.pl\/?page_id=7\">\n\t\t\t\t\t\t<span class=\"elementor-button-content-wrapper\">\n\t\t\t\t\t\t\t\t\t<span class=\"elementor-button-text\">o nas<\/span>\n\t\t\t\t\t<\/span>\n\t\t\t\t\t<\/a>\n\t\t\t\t\t\t\t\t<\/div>\n\t\t\t\t\t<\/div>\n\t\t\t\t<\/div>\n\t\t<div class=\"elementor-element elementor-element-fe09e0a e-flex e-con-boxed e-con e-parent\" data-id=\"fe09e0a\" data-element_type=\"container\">\n\t\t\t\t\t<div class=\"e-con-inner\">\n\t\t\t\t<div class=\"elementor-element elementor-element-8df060e elementor-widget elementor-widget-heading\" data-id=\"8df060e\" data-element_type=\"widget\" data-widget_type=\"heading.default\">\n\t\t\t\t\t<h2 class=\"elementor-heading-title elementor-size-default\">Odkryj nasze <br><span style=\"background: linear-gradient(transparent 60%, #FF8800 60%);background-repeat:no-repeat;background-size:100% 100%\">aktualne<\/span> inwestycje<\/h2>\t\t\t\t<\/div>\n\t\t<div class=\"elementor-element elementor-element-d452663 e-con-full e-flex e-con e-child\" data-id=\"d452663\" data-element_type=\"container\">\n\t\t<div class=\"elementor-element elementor-element-12d0421 e-con-full e-flex e-con e-child\" data-id=\"12d0421\" data-element_type=\"container\">\n\t\t\t\t<div class=\"elementor-element elementor-element-72819a6 elementor-widget__width-initial elementor-position-top elementor-widget elementor-widget-image-box\" data-id=\"72819a6\" data-element_type=\"widget\" data-widget_type=\"image-box.default\">\n\t\t\t\t\t<div class=\"elementor-image-box-wrapper\"><figure class=\"elementor-image-box-img\"><img decoding=\"async\" src=\"https:\/\/aledomaledom.pl\/wp-content\/uploads\/elementor\/thumbs\/wiz1-rcklb3khs37uz4z0di8723xv8spmrbxnlcqgbzwze8.jpg\" title=\"wiz1\" alt=\"wiz1\" loading=\"lazy\" \/><\/figure><div class=\"elementor-image-box-content\"><h3 class=\"elementor-image-box-title\">Kiekrz<\/h3><p class=\"elementor-image-box-description\"> 120 m2 5 Sypialnie\/i 2 \u0141azienki<\/p><\/div><\/div>\t\t\t\t<\/div>\n\t\t\t\t<div class=\"elementor-element elementor-element-e785de7 elementor-align-left elementor-widget elementor-widget-button\" data-id=\"e785de7\" data-element_type=\"widget\" data-widget_type=\"button.default\">\n\t\t\t\t\t\t\t\t\t\t<a class=\"elementor-button elementor-button-link elementor-size-sm\" href=\"https:\/\/aledomaledom.pl\/?page_id=130\">\n\t\t\t\t\t\t<span class=\"elementor-button-content-wrapper\">\n\t\t\t\t\t\t\t\t\t<span class=\"elementor-button-text\">Wi\u0119cej informacji<\/span>\n\t\t\t\t\t<\/span>\n\t\t\t\t\t<\/a>\n\t\t\t\t\t\t\t\t<\/div>\n\t\t\t\t<\/div>\n\t\t<div class=\"elementor-element elementor-element-aa7a251 e-con-full e-flex e-con e-child\" data-id=\"aa7a251\" data-element_type=\"container\">\n\t\t\t\t<div class=\"elementor-element elementor-element-5e452aa elementor-widget__width-initial elementor-position-top elementor-widget elementor-widget-image-box\" data-id=\"5e452aa\" data-element_type=\"widget\" data-widget_type=\"image-box.default\">\n\t\t\t\t\t<div class=\"elementor-image-box-wrapper\"><figure class=\"elementor-image-box-img\"><img decoding=\"async\" src=\"https:\/\/aledomaledom.pl\/wp-content\/uploads\/elementor\/thumbs\/20240614_150750-scaled-rcklb1otef5abx1qohexx4ey20ywbxq6x3fhdfzrqo.jpg\" title=\"20240614_150750\" alt=\"20240614_150750\" loading=\"lazy\" \/><\/figure><div class=\"elementor-image-box-content\"><h3 class=\"elementor-image-box-title\">Mosina<\/h3><p class=\"elementor-image-box-description\"> 66 m2 4 Sypialnie\/i 1 \u0141azienka<\/p><\/div><\/div>\t\t\t\t<\/div>\n\t\t\t\t<div class=\"elementor-element elementor-element-e507e42 elementor-align-left elementor-widget elementor-widget-button\" data-id=\"e507e42\" data-element_type=\"widget\" data-widget_type=\"button.default\">\n\t\t\t\t\t\t\t\t\t\t<a class=\"elementor-button elementor-button-link elementor-size-sm\" href=\"https:\/\/aledomaledom.pl\/?page_id=132\">\n\t\t\t\t\t\t<span class=\"elementor-button-content-wrapper\">\n\t\t\t\t\t\t\t\t\t<span class=\"elementor-button-text\">Wi\u0119cej informacji<\/span>\n\t\t\t\t\t<\/span>\n\t\t\t\t\t<\/a>\n\t\t\t\t\t\t\t\t<\/div>\n\t\t\t\t<\/div>\n\t\t\t\t<\/div>\n\t\t\t\t\t<\/div>\n\t\t\t\t<\/div>\n\t\t<div class=\"elementor-element elementor-element-66dc1de e-flex e-con-boxed e-con e-parent\" data-id=\"66dc1de\" data-element_type=\"container\" data-settings=\"{&quot;background_background&quot;:&quot;classic&quot;}\">\n\t\t\t\t\t<div class=\"e-con-inner\">\n\t\t<div class=\"elementor-element elementor-element-72a32dd e-con-full e-flex e-con e-child\" data-id=\"72a32dd\" data-element_type=\"container\">\n\t\t<div class=\"elementor-element elementor-element-894bfb3 e-con-full e-flex e-con e-child\" data-id=\"894bfb3\" data-element_type=\"container\">\n\t\t\t\t<div class=\"elementor-element elementor-element-5d551b4 elementor-widget elementor-widget-counter\" data-id=\"5d551b4\" data-element_type=\"widget\" data-widget_type=\"counter.default\">\n\t\t\t\t\t\t\t<div class=\"elementor-counter\">\n\t\t\t<div class=\"elementor-counter-title\">Zadowolonych klient\u00f3w<\/div>\t\t\t<div class=\"elementor-counter-number-wrapper\">\n\t\t\t\t<span class=\"elementor-counter-number-prefix\"><\/span>\n\t\t\t\t<span class=\"elementor-counter-number\" data-duration=\"2000\" data-to-value=\"250\" data-from-value=\"0\" data-delimiter=\",\">0<\/span>\n\t\t\t\t<span class=\"elementor-counter-number-suffix\">+<\/span>\n\t\t\t<\/div>\n\t\t<\/div>\n\t\t\t\t\t\t<\/div>\n\t\t\t\t<\/div>\n\t\t<div class=\"elementor-element elementor-element-1d99039 e-con-full e-flex e-con e-child\" data-id=\"1d99039\" data-element_type=\"container\">\n\t\t\t\t<div class=\"elementor-element elementor-element-04b70e8 elementor-widget elementor-widget-counter\" data-id=\"04b70e8\" data-element_type=\"widget\" data-widget_type=\"counter.default\">\n\t\t\t\t\t\t\t<div class=\"elementor-counter\">\n\t\t\t<div class=\"elementor-counter-title\">Zbudowanych nieruchomo\u015bci<\/div>\t\t\t<div class=\"elementor-counter-number-wrapper\">\n\t\t\t\t<span class=\"elementor-counter-number-prefix\"><\/span>\n\t\t\t\t<span class=\"elementor-counter-number\" data-duration=\"2000\" data-to-value=\"10\" data-from-value=\"0\" data-delimiter=\",\">0<\/span>\n\t\t\t\t<span class=\"elementor-counter-number-suffix\">+<\/span>\n\t\t\t<\/div>\n\t\t<\/div>\n\t\t\t\t\t\t<\/div>\n\t\t\t\t<\/div>\n\t\t<div class=\"elementor-element elementor-element-683efce e-con-full e-flex e-con e-child\" data-id=\"683efce\" data-element_type=\"container\">\n\t\t\t\t<div class=\"elementor-element elementor-element-93f65df elementor-widget elementor-widget-counter\" data-id=\"93f65df\" data-element_type=\"widget\" data-widget_type=\"counter.default\">\n\t\t\t\t\t\t\t<div class=\"elementor-counter\">\n\t\t\t<div class=\"elementor-counter-title\">Do\u015bwiadczenia <\/div>\t\t\t<div class=\"elementor-counter-number-wrapper\">\n\t\t\t\t<span class=\"elementor-counter-number-prefix\"><\/span>\n\t\t\t\t<span class=\"elementor-counter-number\" data-duration=\"2000\" data-to-value=\"10\" data-from-value=\"0\" data-delimiter=\",\">0<\/span>\n\t\t\t\t<span class=\"elementor-counter-number-suffix\">+<\/span>\n\t\t\t<\/div>\n\t\t<\/div>\n\t\t\t\t\t\t<\/div>\n\t\t\t\t<\/div>\n\t\t<div class=\"elementor-element elementor-element-913fc4d e-con-full e-flex e-con e-child\" data-id=\"913fc4d\" data-element_type=\"container\">\n\t\t\t\t<div class=\"elementor-element elementor-element-e9b5fbd elementor-widget elementor-widget-counter\" data-id=\"e9b5fbd\" data-element_type=\"widget\" data-widget_type=\"counter.default\">\n\t\t\t\t\t\t\t<div class=\"elementor-counter\">\n\t\t\t<div class=\"elementor-counter-title\">Oddanych kluczy<\/div>\t\t\t<div class=\"elementor-counter-number-wrapper\">\n\t\t\t\t<span class=\"elementor-counter-number-prefix\"><\/span>\n\t\t\t\t<span class=\"elementor-counter-number\" data-duration=\"2000\" data-to-value=\"250\" data-from-value=\"0\" data-delimiter=\",\">0<\/span>\n\t\t\t\t<span class=\"elementor-counter-number-suffix\">+<\/span>\n\t\t\t<\/div>\n\t\t<\/div>\n\t\t\t\t\t\t<\/div>\n\t\t\t\t<\/div>\n\t\t\t\t<\/div>\n\t\t\t\t\t<\/div>\n\t\t\t\t<\/div>\n\t\t<div class=\"elementor-element elementor-element-f8a52a3 e-con-full e-flex e-con e-parent\" data-id=\"f8a52a3\" data-element_type=\"container\" data-settings=\"{&quot;background_background&quot;:&quot;classic&quot;}\">\n\t\t<div class=\"elementor-element elementor-element-65c7226 e-flex e-con-boxed e-con e-child\" data-id=\"65c7226\" data-element_type=\"container\">\n\t\t\t\t\t<div class=\"e-con-inner\">\n\t\t\t\t<div class=\"elementor-element elementor-element-641733b elementor-widget__width-initial elementor-widget elementor-widget-heading\" data-id=\"641733b\" data-element_type=\"widget\" data-widget_type=\"heading.default\">\n\t\t\t\t\t<h2 class=\"elementor-heading-title elementor-size-default\">kontakt <\/h2>\t\t\t\t<\/div>\n\t\t\t\t<div class=\"elementor-element elementor-element-85b6171 elementor-widget__width-initial elementor-widget elementor-widget-heading\" data-id=\"85b6171\" data-element_type=\"widget\" data-widget_type=\"heading.default\">\n\t\t\t\t\t<h2 class=\"elementor-heading-title elementor-size-default\">TWOJE NOWE MIEJSCE JU\u017b <span style=\"background: linear-gradient(transparent 60%, #FF8800 60%);background-repeat:no-repeat;background-size:100% 100%\"> ISTNIEJE.<\/span> POZNAJ NASZE DOMY I OSIEDLA.<\/h2>\t\t\t\t<\/div>\n\t\t\t\t\t<\/div>\n\t\t\t\t<\/div>\n\t\t<div class=\"elementor-element elementor-element-886d232 e-flex e-con-boxed e-con e-child\" data-id=\"886d232\" data-element_type=\"container\">\n\t\t\t\t\t<div class=\"e-con-inner\">\n\t\t<div class=\"elementor-element elementor-element-55cb069 e-con-full e-flex e-con e-child\" data-id=\"55cb069\" data-element_type=\"container\">\n\t\t<div class=\"elementor-element elementor-element-27e3ffc e-con-full e-flex e-con e-child\" data-id=\"27e3ffc\" data-element_type=\"container\" data-settings=\"{&quot;background_background&quot;:&quot;classic&quot;}\">\n\t\t\t\t<div class=\"elementor-element elementor-element-2c277cb elementor-widget elementor-widget-heading\" data-id=\"2c277cb\" data-element_type=\"widget\" data-widget_type=\"heading.default\">\n\t\t\t\t\t<h2 class=\"elementor-heading-title elementor-size-default\">nasza misja:<\/h2>\t\t\t\t<\/div>\n\t\t\t\t<div class=\"elementor-element elementor-element-05e2f93 elementor-widget elementor-widget-text-editor\" data-id=\"05e2f93\" data-element_type=\"widget\" data-widget_type=\"text-editor.default\">\n\t\t\t\t\t\t\t\t\t<p class=\"whitespace-normal break-words\">Budujemy domy najwy\u017cszej jako\u015bci, w kt\u00f3rych rodziny mog\u0105 bezpiecznie realizowa\u0107 swoje marzenia. Ka\u017cda nasza inwestycja powstaje z najlepszych materia\u0142\u00f3w, zgodnie ze sztuk\u0105 budowlan\u0105 i bez \u017cadnych kompromis\u00f3w. Bo dom to nie tylko \u015bciany \u2013 to fundament Twojej przysz\u0142o\u015bci.<\/p><p class=\"whitespace-normal break-words\">\u00a0<\/p>\t\t\t\t\t\t\t\t<\/div>\n\t\t\t\t<\/div>\n\t\t<div class=\"elementor-element elementor-element-7b35244 e-con-full e-flex e-con e-child\" data-id=\"7b35244\" data-element_type=\"container\" data-settings=\"{&quot;background_background&quot;:&quot;classic&quot;,&quot;position&quot;:&quot;absolute&quot;}\">\n\t\t\t\t<\/div>\n\t\t\t\t<\/div>\n\t\t<div class=\"elementor-element elementor-element-5217379 e-con-full e-flex e-con e-child\" data-id=\"5217379\" data-element_type=\"container\">\n\t\t\t\t<div class=\"elementor-element elementor-element-f438692 elementor-align-center elementor-widget elementor-widget-button\" data-id=\"f438692\" data-element_type=\"widget\" data-widget_type=\"button.default\">\n\t\t\t\t\t\t\t\t\t\t<a class=\"elementor-button elementor-button-link elementor-size-sm elementor-animation-grow\" href=\"https:\/\/aledomaledom.pl\/?page_id=134\">\n\t\t\t\t\t\t<span class=\"elementor-button-content-wrapper\">\n\t\t\t\t\t\t\t\t\t<span class=\"elementor-button-text\">Skontaktuj si\u0119 z nami <\/span>\n\t\t\t\t\t<\/span>\n\t\t\t\t\t<\/a>\n\t\t\t\t\t\t\t\t<\/div>\n\t\t\t\t<div class=\"elementor-element elementor-element-9b23d27 elementor-widget elementor-widget-image\" data-id=\"9b23d27\" data-element_type=\"widget\" data-widget_type=\"image.default\">\n\t\t\t\t\t\t\t\t\t\t\t\t\t\t\t<img decoding=\"async\" src=\"https:\/\/aledomaledom.pl\/wp-content\/uploads\/elementor\/thumbs\/wiz1-rcklb3jzhto8bgy3q8wjyo5iguutqmyghle3df1evm.jpg\" title=\"wiz1\" alt=\"wiz1\" loading=\"lazy\" \/>\t\t\t\t\t\t\t\t\t\t\t\t\t\t\t<\/div>\n\t\t\t\t<\/div>\n\t\t<div class=\"elementor-element elementor-element-7ecef92 e-con-full e-flex e-con e-child\" data-id=\"7ecef92\" data-element_type=\"container\">\n\t\t\t\t<div class=\"elementor-element elementor-element-1421b8a elementor-absolute elementor-widget elementor-widget-image\" data-id=\"1421b8a\" data-element_type=\"widget\" data-settings=\"{&quot;_position&quot;:&quot;absolute&quot;}\" data-widget_type=\"image.default\">\n\t\t\t\t\t\t\t\t\t\t\t\t\t\t\t<img decoding=\"async\" src=\"https:\/\/aledomaledom.pl\/wp-content\/uploads\/elementor\/thumbs\/20240614_150750-scaled-rcklb1o8aumw6ofnlofy4mg78akkcddzt9lulayulk.jpg\" title=\"20240614_150750\" alt=\"20240614_150750\" loading=\"lazy\" \/>\t\t\t\t\t\t\t\t\t\t\t\t\t\t\t<\/div>\n\t\t<div class=\"elementor-element elementor-element-36d10e8 e-con-full e-flex e-con e-child\" data-id=\"36d10e8\" data-element_type=\"container\" data-settings=\"{&quot;background_background&quot;:&quot;classic&quot;}\">\n\t\t\t\t<div class=\"elementor-element elementor-element-c09b609 elementor-widget elementor-widget-heading\" data-id=\"c09b609\" data-element_type=\"widget\" data-widget_type=\"heading.default\">\n\t\t\t\t\t<h2 class=\"elementor-heading-title elementor-size-default\">nasza wizja:<\/h2>\t\t\t\t<\/div>\n\t\t\t\t<div class=\"elementor-element elementor-element-5c6d829 elementor-widget elementor-widget-text-editor\" data-id=\"5c6d829\" data-element_type=\"widget\" data-widget_type=\"text-editor.default\">\n\t\t\t\t\t\t\t\t\t<p class=\"whitespace-normal break-words\">Tworzymy spokojne osiedla, gdzie dzieci bawi\u0105 si\u0119 bezpiecznie, a s\u0105siedzi staj\u0105 si\u0119 przyjaci\u00f3\u0142mi. Miejsca, w kt\u00f3rych ka\u017cdy szczeg\u00f3\u0142 zosta\u0142 przemy\u015blany z trosk\u0105 o Tw\u00f3j komfort i jako\u015b\u0107 codziennego \u017cycia. Tu mo\u017cesz naprawd\u0119 poczu\u0107 si\u0119 jak w domu.<\/p>\t\t\t\t\t\t\t\t<\/div>\n\t\t\t\t<\/div>\n\t\t\t\t<\/div>\n\t\t\t\t\t<\/div>\n\t\t\t\t<\/div>\n\t\t\t\t<\/div>\n\t\t\t\t<\/div>\n\t\t","protected":false},"excerpt":{"rendered":"<p>aledomaledom BUDUJEMY NIERUCHOMO\u015aCI MARZE\u0143 Nasze inwestycje Tworzymy spokojne osiedla dom\u00f3w dla rodzin, gdzie ka\u017cdy szczeg\u00f3\u0142 ma znaczenie. Wykorzystujemy wy\u0142\u0105cznie materia\u0142y najwy\u017cszej jako\u015bci i realizujemy ka\u017cd\u0105 inwestycj\u0119 zgodnie ze sztuk\u0105 budowlan\u0105, bo Tw\u00f3j dom to decyzja na lata. o nas Odkryj nasze aktualne inwestycje Kiekrz 120 m2 5 Sypialnie\/i 2 \u0141azienki Wi\u0119cej informacji Mosina 66 m2 [&hellip;]<\/p>\n","protected":false},"author":1,"featured_media":0,"parent":0,"menu_order":0,"comment_status":"closed","ping_status":"closed","template":"elementor_header_footer","meta":{"footnotes":""},"class_list":["post-13","page","type-page","status-publish","hentry"],"_links":{"self":[{"href":"https:\/\/aledomaledom.pl\/index.php?rest_route=\/wp\/v2\/pages\/13","targetHints":{"allow":["GET"]}}],"collection":[{"href":"https:\/\/aledomaledom.pl\/index.php?rest_route=\/wp\/v2\/pages"}],"about":[{"href":"https:\/\/aledomaledom.pl\/index.php?rest_route=\/wp\/v2\/types\/page"}],"author":[{"embeddable":true,"href":"https:\/\/aledomaledom.pl\/index.php?rest_route=\/wp\/v2\/users\/1"}],"replies":[{"embeddable":true,"href":"https:\/\/aledomaledom.pl\/index.php?rest_route=%2Fwp%2Fv2%2Fcomments&post=13"}],"version-history":[{"count":110,"href":"https:\/\/aledomaledom.pl\/index.php?rest_route=\/wp\/v2\/pages\/13\/revisions"}],"predecessor-version":[{"id":255,"href":"https:\/\/aledomaledom.pl\/index.php?rest_route=\/wp\/v2\/pages\/13\/revisions\/255"}],"wp:attachment":[{"href":"https:\/\/aledomaledom.pl\/index.php?rest_route=%2Fwp%2Fv2%2Fmedia&parent=13"}],"curies":[{"name":"wp","href":"https:\/\/api.w.org\/{rel}","templated":true}]}}